common divisor of c and i?
1
Suppose 2*z = 2*s + 138, 3*z - 247 = -7*s + 2*s. What is the highest common divisor of z and 1850?
74
Suppose 0 = 130*l - 136*l + 54. What is the greatest common divisor of l and 63?
9
Let r = -65 - -67. Suppose -5*o + 13 = -6*v + r*v, 5 = o. Calculate the highest common divisor of 2 and v.
1
Suppose 301 = -7*g + 8743. What is the highest common factor of g and 18?
18
Let q(t) = 66*t**2 + 7*t + 6. Let m be q(-1). Calculate the highest common factor of 91 and m.
13
Suppose 0 = -5*b + 48 - 3. Let o(l) = -11*l**3 - 2*l - 1. Let y be o(-1). Let a be 0 + 12 - y/4. Calculate the greatest common divisor of a and b.
9
Suppose -c + 2*c = 14. Let g be 2/14 - 204/(-42). Suppose 4*f = g*y + 76, 4*y - 6*y + 48 = 4*f. Calculate the greatest common factor of c and f.
14
Suppose 51*x - 504 = 27*x. What is the greatest common factor of 567 and x?
21
Let b be (8/12)/((-1)/(-6)). Suppose b*o - 3*o - 84 = 0. Calculate the highest common divisor of 12 and o.
12
Let r be 66/11 - 4/1 - -31. Calculate the highest common divisor of 231 and r.
33
Let q = 2646 - 2624. What is the highest common factor of q and 1837?
11
Suppose 0 = 26*k + k - 56376. Calculate the highest common factor of k and 144.
72
Let w be 3 - 2/8*4. Suppose w*b - 3*b = 0. Suppose -p - 2*p + 12 = b. What is the greatest common divisor of p and 24?
4
Let x(u) = 11*u - 133. Let d be x(13). What is the highest common factor of d and 70?
10
Let p(m) be the first derivative of m**3/3 + 3*m**2/2 - 3*m - 1. Suppose -2*d - 4 - 6 = 0. Let r be p(d). What is the greatest common factor of 1 and r?
1
Let a be ((-96)/(-80))/(-1 - 16/(-10)). What is the highest common divisor of 248 and a?
2
Let y(h) = -7*h + 1. Let f be y(-1). Suppose -3*o = -0*o - 2*v - 12, -2*o - v = -1. Calculate the highest common factor of f and o.
2
Suppose 53*p - 91*p = -38. What is the greatest common divisor of p and 16?
1
Let t be (115/(-30)*3)/(4/(-24)). Calculate the highest common divisor of t and 690.
69
Suppose 33*b + 4436 = 11036. Calculate the highest common factor of 120 and b.
40
Let m(r) = r**3 - 5*r**2 - 25*r. Let x be m(10). Calculate the greatest common factor of x and 50.
50
Let d = 41 - 25. Suppose -d = -2*t + 16. What is the greatest common divisor of t and 96?
16
Let l(t) = -12*t + 6. Let y be l(-3). Suppose 3*m = m + y. Let f = -50 + 53. Calculate the highest common divisor of m and f.
3
Let j = -55 + 82. Calculate the greatest common factor of 216 and j.
27
Suppose 4*d - 116 = -4*i, -9*i + 10*i - 37 = -3*d. What is the greatest common factor of 50 and i?
25
Let o be (-4 + 12 + 10)*(-1)/(-2). What is the greatest common factor of o and 9?
9
Let k = -19 - -29. Suppose 26 = 2*d - k. What is the greatest common factor of 90 and d?
18
Suppose -3*s = -5*s + 392. Let z = s - 105. Let b be 13 + ((-2)/2 - -1). Calculate the greatest common factor of z and b.
13
Let i(t) = 58*t**2 + 3 + 228*t - 226*t + 31*t**2. Let w be i(-1). Calculate the highest common divisor of 15 and w.
15
Let c(w) = w**2 + w + 16. Let u be c(10). What is the highest common factor of u and 1323?
63
Let v(q) = -21*q**3 - 19*q**3 + 47*q**3 + 2*q**2. Let y be v(1). What is the greatest common factor of 72 and y?
9
Let j(h) be the second derivative of -h**4/12 - 7*h**3/3 - 5*h**2 - 2*h. Let c be j(-12). Calculate the greatest common divisor of c and 2.
2
Let k = -24 + 168. What is the highest common divisor of 54 and k?
18
Suppose -14 = -5*p + 1. Let d be -18*(2 - p)/2. Calculate the greatest common factor of d and 6.
3
Let g = 36 + -22. Suppose -3*s = 2*d + 3, 2*d + 7 = -s + g. What is the greatest common factor of 30 and d?
6
Let h be (-3)/7 + (-7562)/(-266). Calculate the greatest common factor of h and 308.
28
Let g be 10*4*14/5. Let h(z) = -z - 1. Let c be h(-4). Suppose -5*l - 2*w = -70, 19 = -c*w + 4. Calculate the greatest common divisor of g and l.
16
Suppose 2*i + 95 = 3*x - 2, 4*x + 3*i = 135. What is the highest common factor of x and 44?
11
Suppose -3*c + 0 = 36. Let i(x) = x**3 + 12*x**2 - 2*x + 12. Let t be i(c). Let o = t - 15. What is the greatest common factor of 21 and o?
21
Let s be 1/(-2) - (-25)/2. Let c(d) = -d**3 + 16*d**2 - 3*d - 444. Let z be c(9). What is the highest common divisor of s and z?
12
Suppose -65 = 4*r + 43. Suppose 5*z - 22 = 8. Let m be (-800)/(-45) - z/r. What is the greatest common factor of m and 3?
3
Let w be 27 + 8*-1*(-54)/(-108). Let r = 9 + -5. Let g be r/14 - 2405/(-35). Calculate the highest common divisor of w and g.
23
Suppose -26 = -5*h + 2*g, 4*g = 3*h + 5*g - 9. Suppose -h*w + y + 101 = 0, -5*w + 4*y + 129 = -0*y. What is the highest common factor of w and 275?
25
Let w(h) be the third derivative of h**5/12 - h**4/24 - h**3/2 - 6*h**2. Let v be w(-2). What is the greatest common divisor of v and 114?
19
Let o be (2 - 7) + (7 - 2). Let r(i) = -2*i**2 + 25. Let s be r(o). What is the greatest common factor of 50 and s?
25
Suppose -5*v + u + 25 + 60 = 0, -4*v + u = -67. Suppose -t = -4*w + 13, 5*t = 4*w - 0 - 1. Let g = t + -1. What is the highest common factor of g and v?
2
Let c = 36 - 59. Let m = 49 - c. What is the greatest common divisor of m and 18?
18
Let o be 2 + 30/(-18) - 112/(-6). Let h be (-2274)/(-57) - (-2)/o. What is the greatest common factor of 20 and h?
20
Suppose 51*w - 20 = 41*w. What is the highest common factor of 2 and w?
2
Let u = 33 + 75. Calculate the greatest common divisor of 4 and u.
4
Suppose -422 = -5*x + 678. Suppose 21*l + x = 26*l. What is the highest common divisor of l and 44?
44
Suppose -4*k + 2 = -2*c - c, -2*k = -4*c + 4. Let d(o) = -o**3 - 5*o**2 - 4*o - 4. Let q be d(-5). Calculate the highest common factor of q and k.
2
Let p = -5 - -105. Let r = -9537 - -9557. What is the greatest common factor of r and p?
20
Let r be (-57 + -1)/(34/(-153)). Suppose -15*p = -235 - 200. What is the greatest common factor of r and p?
29
Let k(t) = 6*t - 36. Let r be k(15). What is the greatest common divisor of 36 and r?
18
Let w = -1 + -4. Let m(d) = 2*d. Let n(r) = -r**2 - 4*r + 1. Let v(q) = -2*m(q) - n(q). Let u be v(w). What is the highest common factor of 8 and u?
8
Suppose -3*s = -0*s - 30. Let a = s - 10. Suppose a = -2*z - z + 6. What is the greatest common divisor of 8 and z?
2
Suppose -4*a = -33 + 25. Let j(r) = 4*r**3 - r**2 - r + 2. Let z be j(a). Calculate the highest common factor of 14 and z.
14
Suppose -5*b - 33 = -3*a, -8*a + 10*a - 47 = -5*b. Calculate the highest common factor of 88 and a.
8
Suppose 0 = 2*p + s - 329, 491 = 3*p - 0*s + 4*s. What is the highest common factor of 99 and p?
33
Suppose 5*a - 17 = 8. Suppose -4*t - a = 3. Let c be (-1)/t - 30/(-4). Calculate the greatest common divisor of c and 24.
8
Suppose 3*z = 5*g + 6 + 9, -3*g + z - 13 = 0. Let t be (8/g)/(4/(-6)). Calculate the greatest common factor of 4 and t.
2
Let x be (-18612)/(-20) + 39/(-15) + 3. What is the greatest common factor of x and 49?
49
Let l be 12/90*3 + (-36)/(-10). Suppose -116 = -l*t + 100. Calculate the highest common factor of 6 and t.
6
Suppose -96 = 14*m - 306. What is the highest common factor of 205 and m?
5
Let j(r) = -r**3 + 5*r**2 - 7*r + 7. Let w be j(4). Let z(d) = -10*d + 6. Let y be z(w). What is the greatest common divisor of 7 and y?
7
Suppose -39 = -3*g - 3*f, 34 = 5*g - 2*f - 10. Calculate the highest common divisor of 90 and g.
10
Suppose 7*b + 199 = -95. Let y be (-6 + 7)/(2 + 82/b). Suppose p + 4 - 7 = 0. What is the highest common divisor of y and p?
3
Let j(y) = y**2 - 1. Let m(a) = -32*a**3 - 4*a**2 - a + 4. Let d(t) = -5*j(t) - m(t). Let z be d(1). Calculate the highest common factor of z and 33.
33
Let p be (-4)/((10/65)/(-1)). Calculate the highest common factor of p and 1651.
13
Suppose -4*l + 3*y = 6*y + 3, 0 = -l - 4*y - 17. Suppose -46 = -l*i - 25. What is the greatest common factor of 35 and i?
7
Let q(h) = -11*h. Let f be q(-1). Suppose -y = -c + 23 + 3, 0 = c + y - 18. Calculate the highest common factor of f and c.
11
Suppose -232 = 2*h - 436. What is the greatest common divisor of h and 6?
6
Suppose 5*q - 21 = -2*q. Let g be (12/9)/((-12)/(-54)). What is the greatest common factor of q and g?
3
Let y be -12 + 9 - (-25 + 1). Let q be (-28)/(-6)*(-18 + y). Suppose -5*d = -6 - 64. Calculate the greatest common d